*11 - (-48)/(-12). Suppose 5*f + 7 = -m + c, 5*f - 155 = -3*m. What is the tens digit of 3470/m + (-6)/(-10)?
7
Suppose 0 = c - 2*o - 176, 5*o - 223 - 429 = -4*c. What is the tens digit of c?
6
Suppose 5*o - 4138 = -4*c + 2*c, 2*o - 1672 = -5*c. What is the tens digit of o?
2
Let q = 1348 - 599. What is the hundreds digit of q?
7
Let z be 72/32 + (-2)/8. Suppose -z*a = 6*a - 216. What is the units digit of a?
7
Let j(i) = -i**2 - 4*i. Let y be j(-4). Suppose y = 4*k - 12, 3*k - 333 = -2*t - t. What is the hundreds digit of t?
1
Let a(l) = -130*l**3 - l**2 - l - 1. Let f be a(-1). Suppose 2*y - 4*t - 84 = 0, 2*t - f = -3*y - 3. What is the tens digit of y?
4
Let f = 9987 - 4622. What is the tens digit of f?
6
Let u = 119 - 38. Suppose -4*g = 2*r - u - 145, 0 = -4*g - 4*r + 220. What is the units digit of g?
8
Let o(a) = 6*a**2 + 2*a - 25. Let b(v) = -19*v**2 - 6*v + 76. Let y(q) = 2*b(q) + 7*o(q). What is the hundreds digit of y(6)?
1
Suppose 79 + 48 = v. Suppose j - 107 - v = 0. Suppose 3*k + 66 - j = 0. What is the units digit of k?
6
What is the tens digit of (-226*9/(-24))/(39/208)?
5
Let c = -553 - -1267. What is the units digit of c?
4
Let r(t) = t**3 - 17*t**2 - t + 25. Let b be r(17). Suppose 5*k + 267 = b*k. What is the tens digit of k?
8
Let g = 239 - -2952. What is the thousands digit of g?
3
Let k(d) = 2*d + 2. Let r be k(-7). Let y(a) = -4*a - 10. Let t(f) = -5*f - 9. Let i(l) = 5*t(l) - 6*y(l). What is the tens digit of i(r)?
2
Suppose z + 377 = 5*b, -5*b = 35*z - 32*z - 389. What is the tens digit of b?
7
Suppose -4*w - u = -2166, 4*w - 11*u - 2162 = -10*u. What is the tens digit of w?
4
Suppose 2*r - 156 = 40. Suppose -263 = -3*k - r. What is the units digit of k?
5
Let v be (6 + -4)*(-6)/(-4). Suppose -8 = v*l + l. What is the tens digit of l/(-9) - 2156/(-99)?
2
Let z = -1 + 55. Suppose 5*h - 70 = 5*w, 2*w - 57 = -3*h - 5. Let i = z - h. What is the tens digit of i?
3
Let h(s) = s**3 - 13*s**2 + 8*s - 12. Let q = 11 + 2. What is the tens digit of h(q)?
9
What is the thousands digit of -2*-1459*(-7)/(-14)?
1
Suppose 2*s + 2*d = 116, -2*s + 2*d - d = -128. Suppose 8 + 56 = 5*m - 4*u, -5*m + s = -2*u. What is the units digit of m?
2
Let k = 336 + -332. Let y be (-103)/(-2) - 1/(-2). Suppose -k*m = -8*m + y. What is the tens digit of m?
1
Let a = -1203 - -1804. What is the units digit of a?
1
Let i = 447 - 313. Let f = i - 80. What is the units digit of f?
4
Suppose 112 + 423 = 5*t. What is the hundreds digit of 0 + -1 + t + 4?
1
Let c = -21 + 23. Suppose 38 + 64 = c*s. What is the tens digit of s?
5
Suppose -5*d = -3*w + 5287, -2*d + 8760 = 7*w - 2*w. What is the units digit of w?
4
Suppose -20 = -4*v, -2*v - 295 = 2*i + 3*i. Let l = i + 140. What is the units digit of l?
9
Let q(x) be the third derivative of 0*x**4 - 1/6*x**3 + 0*x**5 - 11/60*x**6 + 0*x - 3*x**2 + 0. What is the tens digit of q(-1)?
2
Suppose u - 2 = -0*u. Suppose -u*t - 3*y = -32, 5*t - 2*y - 2*y = 126. What is the tens digit of t?
2
Let m = 965 + 521. What is the hundreds digit of m?
4
Let r(d) = -d**3 + 20*d**2 - 2*d - 44. What is the hundreds digit of r(19)?
2
What is the units digit of 13*(8 + -7)*14?
2
Suppose -54 = -0*q - 3*q. Let s be ((-6)/3)/((-1)/q). Suppose -s - 28 = -2*i. What is the units digit of i?
2
Let y = 12 - 10. Suppose 3*v - 2*w = 8, -v = -3*w - y*w + 6. What is the tens digit of v/(-5)*(-2 + -38)?
3
Let t(d) be the first derivative of -d**4/4 + 5*d**3/3 + 7*d**2/2 - 2*d - 5. Let l be t(6). Suppose -y + 3 = -2*g + l, -g + 8 = y. What is the units digit of g?
3
Let w(i) = i**2 + 4*i + 3. Let l be w(-2). What is the units digit of 32 + 14 - (l*1 - -1)?
6
Let i(m) = -31*m + 48. Let f be i(-11). What is the hundreds digit of f/3 + (-4)/6?
1
Let c be 1*3/(-6)*0. Suppose -d - 2*q + 13 = 4*d, 3*d + 2*q - 7 = c. What is the units digit of d?
3
Let f(m) = 2*m**2 + 5*m - 9. Let h be f(-5). Suppose -4*g - h = -0*g. What is the tens digit of -4 + g + 17 + 1?
1
Suppose 1 = -i + 4. Suppose -57 = -2*s + c, 2*c + i*c = -3*s + 66. What is the tens digit of s?
2
Let s(k) = 15*k**2 + 2*k + 1. Suppose v + 2 - 4 = 0. What is the units digit of s(v)?
5
Let q = 79 - 75. Suppose v = 4*y - 442 - 9, q = 4*v. What is the units digit of y?
3
Suppose 14*m - 899 = -4483. Let g = -52 - m. What is the tens digit of g?
0
Let c(n) = 8 + 2*n - 28 + n. Suppose -19*f = -15*f - 64. What is the tens digit of c(f)?
2
Let k(n) = -173*n - 41. Let c be k(-8). Suppose 2*d - y - 679 = 0, 4*d + 0*y = 5*y + c. What is the hundreds digit of d?
3
Suppose -8 = -2*c - 2*c. Suppose 412 = 2*b + i - 270, -c*b + 3*i = -674. What is the units digit of b/12 + 3/(-9)?
8
Suppose w - 5 - 1 = 0. Suppose -z - w - 1 = -o, 13 = 3*o + z. Suppose -96 = -4*v + 4*x, x = o*v + 6*x - 120. What is the tens digit of v?
2
Let a(q) = -q**2 + 13*q - 18. Let x = 18 - 10. What is the tens digit of a(x)?
2
Let v(y) = -17*y - 40. What is the tens digit of v(-5)?
4
Let f be 6 + -3 + 0/1. Suppose i - 16 = -f*i. What is the units digit of 14*-4*(-1)/i?
4
Let n = -16 - -14. What is the tens digit of (4 - (-10)/n) + 41?
4
Let t(u) = 4*u**2 + 41*u + 32. Let n(f) = -f**2 - 10*f - 8. Let a(p) = -9*n(p) - 2*t(p). Let o be a(-5). Let l = 43 + o. What is the units digit of l?
6
Suppose 4*b + 3*l - 515 = 2*b, -533 = -2*b + 3*l. What is the hundreds digit of b?
2
Let u(x) = 14*x - 6. Let d be u(5). Suppose 3*o - d = 134. What is the tens digit of o?
6
Suppose 14 = 2*k - 34. What is the hundreds digit of (1/(6/k))/(1/31)?
1
Suppose 5*u + 4*a - 8 = 10, 5*a = -5*u + 20. Suppose 2*l = 5*l + 3*w - 123, u*l = -5*w + 70. What is the units digit of l?
5
Let v(b) = b + 5. Let w be v(3). What is the tens digit of 313/w + 5/(-40)?
3
Let i = -135 - -137. Suppose -572 = -2*z + 2*u, i*z - 332 - 225 = -3*u. What is the tens digit of z?
8
Let l(f) = -f**2 + 6*f + 9. Let t be l(7). Suppose 6 = t*g, 2*i - 29 = -0*i - 5*g. Suppose 3*k = d + 115, -k - 3*d + 28 = -i. What is the tens digit of k?
3
Let p be (-6)/9 + (-52)/(-6). Let k = -5 + p. Suppose 0 = -y + k*y + m - 30, 46 = 4*y - 5*m. What is the tens digit of y?
1
What is the thousands digit of (-2*(-7029)/(-44))/((-2)/12)?
1
Let n = -14 + -33. Let w = n - -82. What is the tens digit of w?
3
Let q(l) = 37*l**2 - 15*l - 21. What is the units digit of q(-5)?
9
Let p(c) = -16*c - 2. Let d be p(-2). Let n = d + -20. What is the units digit of (36/n)/(4/50)?
5
What is the tens digit of -5*7/(-7) - -3450?
5
Let a(y) = -2*y**3 - 2*y**2 + 2*y - 7. Let l be a(-3). Suppose -7*v = 2 - l. What is the tens digit of (10 - v) + -3 + 28?
3
What is the units digit of (-1)/(((-4)/48)/((-2282)/(-8)))?
3
Suppose 8826 = 23*y - 19*y + 3*f, 3*y - 2*f - 6611 = 0. What is the units digit of y?
5
Suppose 8 = 2*g + 2. Let q be 0 - (-2 - (-9 + g)). Let o = 28 + q. What is the tens digit of o?
2
Let f(y) be the second derivative of -5*y**3/6 + 29*y**2/2 - 2*y. What is the units digit of f(-7)?
4
Suppose -2*o + o + 250 = 0. Suppose -5*c - 4*a + o = 0, 4*c - 4*a - 73 = 127. What is the tens digit of c?
5
Let a(k) be the second derivative of k**3/3 - 5*k**2 + 12*k. Let m be a(5). Suppose -4*w = 2*s - 174, w - 36 = -3*s - m*s. What is the units digit of w?
5
Suppose -11*v = -7*v - 48. Let k = v - -14. What is the tens digit of k?
2
Let m = -262 + 411. What is the hundreds digit of m + -1 + 0 + 0?
1
Let g(w) = 2*w**2 - 4*w + 3. Suppose -2 + 8 = 3*k. Let l be g(k). What is the tens digit of l*(-4 - 44/(-3))?
3
Let l(h) = 42 + 2*h + h**2 + 34 - 5*h. What is the units digit of l(0)?
6
Suppose -2*c = 3*w - w - 28, -4*c + 20 = -5*w. Let f = c - 7. Suppose 19 + 41 = f*g. What is the tens digit of g?
2
Let a(v) = -v**3 - 12*v**2 - 12*v - 9. Let p be a(-11). Let x = 39 - p. Let u = x - 21. What is the units digit of u?
6
Suppose 0 = 9*z + 1220 - 12443. What is the tens digit of z?
4
Let k = 237 - -302. What is the hundreds digit of k?
5
Let x = 27 + -19. Let a = x + -3. What is the units digit of a?
5
Let f = 4337 - 1536. What is the hundreds digit of f?
8
Suppose -8*j + 710 = 62. Suppose j = 5*z - 594. What is the tens digit of z?
3
Let t = 311 - -50. What is the units digit of t?
1
Let k(w) = 4*w + 2. Let t be k(1). Suppose -3*h = -0*h - t. Suppose -h*g - 3*m = -3*g + 22, 105 = 4*g + 5*m. What is the units digit of g?
5
Suppose -2